{"id":2270,"date":"2016-06-30T09:35:12","date_gmt":"2016-06-30T07:35:12","guid":{"rendered":"http:\/\/www.etourism-students.com\/Iscontour\/?page_id=2270"},"modified":"2025-07-10T17:51:12","modified_gmt":"2025-07-10T15:51:12","slug":"backup-traveling-to-krems","status":"publish","type":"page","link":"http:\/\/www.etourism-students.com\/Iscontour\/backup-traveling-to-krems\/","title":{"rendered":"Travel Information"},"content":{"rendered":"<p class=\"tw-data-text tw-ta tw-text-small\" dir=\"ltr\" style=\"text-align: left;\" data-placeholder=\"\u00dcbersetzung\"><strong><span lang=\"en\">Conference Locations:&nbsp;<\/span><\/strong>MCI I and MCI II<\/p>\n<p><strong>Travel to Innsbruck<\/strong><\/p>\n<p><strong><u>By car:<br \/>\n<\/u><\/strong>Innsbruck is located on many major traffic routes, which makes the region easily accessible by car.<\/p>\n<ul>\n<li><strong>From Vienna:<\/strong>&nbsp;A12 motorway.<\/li>\n<li><strong>From Switzerland:<\/strong>&nbsp;A12 motorway. Through the Arlberg Road Tunnel or toll-free via the Arlberg region.<\/li>\n<li><strong>From Italy:<\/strong>&nbsp;A13 (Brenner motorway); tolls apply from the exit Innsbruck-S\u00fcd.<\/li>\n<li><strong>From East Tyrol:<\/strong>&nbsp;Take the Felbertauern tunnel toll road or go via the Puster Valley.<\/li>\n<\/ul>\n<p>Please note that a &#8220;Vignette&#8221; (road tax disk) is required for travel on Austrian motorways.&nbsp;<a href=\"https:\/\/www.asfinag.at\/toll\/vignette\/\" target=\"_blank\" rel=\"noopener noreferrer\">Read more here.<\/a><\/p>\n<p>In general, there are public parking lots in the city centre, which are subject to a charge during the day. Additionally, there are several underground car parks in the city. However, it is best to ask the hotel you are staying at, if they have parking lots available.<\/p>\n<p><u><strong>By train:<\/strong><br \/>\n<\/u>The main train station in Innsbruck is located nearby the city center at S\u00fcdtiroler Platz 7, 6020 Innsbruck. Innsbruck is very well accessible by train. For timetables and tickets, please see the website of the \u00d6BB Austrian Federal Railway: <a href=\"https:\/\/www.oebb.at\/en\/\" target=\"_blank\" rel=\"noopener noreferrer\">https:\/\/www.oebb.at\/en\/<\/a><\/p>\n<p><u><strong>By coach:<\/strong><br \/>\n<\/u>FlixBus provides long-distances buses to Innsbruck from all over Europe. The buses stop on S\u00fcdbahnstra\u00dfe. For more information about FlixBus, please see: <a href=\"https:\/\/www.flixbus.co.uk\">https:\/\/www.flixbus.co.uk<\/a><\/p>\n<p><u><strong>By plane:<\/strong><br \/>\n<\/u>Innsbruck has its own airport, which is located on the western part of the city. Public buses connect the airport with the city centre. There are also rental car stations and taxi ranks located at the airport.<\/p>\n<p>&nbsp;<\/p>\n<p><strong>Getting to the conference locations in Innsbruck<\/strong><\/p>\n<p><strong>MCI I:<\/strong><\/p>\n<p><u><strong>By car:<\/strong><br \/>\n<\/u>The address is Universit\u00e4tsstra\u00dfe 15, 6020 Innsbruck. You can park in the underground car park of the building, which you will find at Kaiserj\u00e4gerstra\u00dfe 1, 6020 Innsbruck.<\/p>\n<p><u><strong>By bus:<\/strong><br \/>\n<\/u>The closest bus stops of the public transportation systems are \u201cPolizeidirektion\u201d and \u201cCongress\/Hofburg\u201d. Alternatively, you can also get out at \u201cMeinhardstra\u00dfe\u201d, \u201cHaus der Begegnung\u201d or \u201cMuseumstra\u00dfe\u201d. Please see <a href=\"https:\/\/fahrplan.ivb.at\/\">https:\/\/fahrplan.ivb.at\/<\/a> for timetables and connections.<\/p>\n<p><u><strong>By foot:<\/strong><br \/>\n<\/u>The MCI I is located nearby the city center and just a couple of minutes foot walk from most of our partner hotels.<\/p>\n<p>&nbsp;<\/p>\n<p><strong>MCI III:<\/strong><\/p>\n<p><u><strong>By car:<\/strong><br \/>\n<\/u>The address is Weiherburggasse 8, 6020 Innsbruck. You can park in the underground car park of the building.<\/p>\n<p><u><strong>By bus:<\/strong><br \/>\n<\/u>Take the public bus \u201cW\u201d direction \u201cAlpenzoo\u201d, leaving from the bus stop \u201cMarktplatz\u201d, and get out at \u201cVilla Blanka\u201d. Please see <a href=\"https:\/\/fahrplan.ivb.at\/\" target=\"_blank\" rel=\"noopener noreferrer\">https:\/\/fahrplan.ivb.at\/<\/a> for timetables and connections.<\/p>\n<p><u><strong>By foot:<\/strong><br \/>\n<\/u>From the city center, e.g. the Goldenes Dachl, it is a 20-25 minute walk going slightly uphill.<\/p>\n<p><strong>&nbsp;<\/strong><\/p>\n<p><strong>Innsbrucker Nordkettenbahnen (Furnicular Base Station)<\/strong><\/p>\n<p><u><strong>By car:<\/strong><br \/>\n<\/u>The address is Rennweg 3, 6020 Innsbruck. You can park in a nearby underground car park, which you will find at Kaiserj\u00e4gerstra\u00dfe 1, 6020 Innsbruck. There are also public parking lots along the street, but they are rather rare.<\/p>\n<p><u><strong>By bus:<\/strong><br \/>\n<\/u>The closest bus stops of the public transportation systems are \u201cCongress\/Hofburg\u201d and \u201cHaus der Begegnung\u201d. Alternatively, you can also get out at \u201cMarktplatz\/Terminal Marktplatz\u201d, \u201cPolizeidirektion\u201d or \u201cMuseumstra\u00dfe\u201d. Please see <a href=\"https:\/\/fahrplan.ivb.at\/\" target=\"_blank\" rel=\"noopener noreferrer\">https:\/\/fahrplan.ivb.at\/<\/a> for timetables and connections.<\/p>\n<p><u><strong>By foot:<\/strong><br \/>\n<\/u>The base station is located nearby the city centre and just a couple of minutes foot walk from most of our partner hotels<\/u>.<\/p>\n<p><!-- p class=\"tw-data-text tw-ta tw-text-small\" dir=\"ltr\" style=\"text-align: center;\" data-placeholder=\"\u00dcbersetzung\"><strong><span lang=\"en\">IMC University of Applied Sciences Krems -\u00a0Campus, Wing G1, <\/span><\/strong><strong><span lang=\"en\">Am Campus, 3500 Krems, Austria<\/span><\/strong><\/p>\n\n\n\n\n<p style=\"text-align: center;\"><a href=\"https:\/\/www.imc.ac.at\/en\/\" target=\"_blank\" rel=\"noopener\">IMC Krems University of Applied Sciences in Austria - IMC Krems<\/a><\/p>\n\n\n\n\n<p dir=\"ltr\" style=\"text-align: center;\" data-placeholder=\"\u00dcbersetzung\">The conference takes place at the IMC Conference Center in Wing G1.<\/p>\n\n\n\n\n<p class=\"tw-data-text tw-ta tw-text-small\" dir=\"ltr\" data-placeholder=\"\u00dcbersetzung\"><img loading=\"lazy\" decoding=\"async\" class=\"alignleft wp-image-3569 size-full\" src=\"http:\/\/www.etourism-students.com\/Iscontour\/wp-content\/uploads\/2016\/06\/location_Plan_IMC_Krems.jpg\" alt=\"\" width=\"878\" height=\"722\" srcset=\"http:\/\/www.etourism-students.com\/Iscontour\/wp-content\/uploads\/2016\/06\/location_Plan_IMC_Krems.jpg 878w, http:\/\/www.etourism-students.com\/Iscontour\/wp-content\/uploads\/2016\/06\/location_Plan_IMC_Krems-300x247.jpg 300w, http:\/\/www.etourism-students.com\/Iscontour\/wp-content\/uploads\/2016\/06\/location_Plan_IMC_Krems-768x632.jpg 768w, http:\/\/www.etourism-students.com\/Iscontour\/wp-content\/uploads\/2016\/06\/location_Plan_IMC_Krems-365x300.jpg 365w\" sizes=\"auto, (max-width: 878px) 100vw, 878px\" \/><\/p>\n\n\n\n\n<p class=\"tw-data-text tw-ta tw-text-small\" dir=\"ltr\" data-placeholder=\"\u00dcbersetzung\"><strong>Travelling to Krems\n<\/strong><\/p>\n\n\n\n\n<p class=\"tw-data-text tw-ta tw-text-small\" dir=\"ltr\" data-placeholder=\"\u00dcbersetzung\"><strong>By train\/bus<\/strong> <strong>From Vienna<\/strong><\/p>\n\n\n\n\n<p class=\"tw-data-text tw-ta tw-text-small\" dir=\"ltr\" data-placeholder=\"\u00dcbersetzung\"><em>Trains from Franz-Josefs-Bahnhof station<\/em><\/p>\n\n\n\n\n<p class=\"tw-data-text tw-ta tw-text-small\" dir=\"ltr\" data-placeholder=\"\u00dcbersetzung\">Trains stop at Spittelau (connection to the U4 and U6 underground lines) and Heiligenstadt (connection to the U4 underground line and the S45 suburban rail line) in Vienna, and then at Tulln, Absdorf-Hippersdorf, Kirchberg am Wagram and Hadersdorf am Kamp. Journey time: approx. one hour, Regional-Express (REX) service runs hourly<\/p>\n\n\n\n\n<p class=\"tw-data-text tw-ta tw-text-small\" dir=\"ltr\" data-placeholder=\"\u00dcbersetzung\"><em>Train connections from Wien Meidling station<\/em><\/p>\n\n\n\n\n<p class=\"tw-data-text tw-ta tw-text-small\" dir=\"ltr\" data-placeholder=\"\u00dcbersetzung\">Stations on this route include Wien-Nord (Praterstern), Wien Mitte, Floridsdorf, Korneuburg, Stockerau and Absdorf-Hippersdorf. Journey: approx. 90 min. (incl. waiting time between connections)<\/p>\n\n\n\n\n<p class=\"tw-data-text tw-ta tw-text-small\" dir=\"ltr\" data-placeholder=\"\u00dcbersetzung\"><strong>From St. P\u00f6lten<\/strong><\/p>\n\n\n\n\n<p class=\"tw-data-text tw-ta tw-text-small\" dir=\"ltr\" data-placeholder=\"\u00dcbersetzung\">Trains from St. P\u00f6lten Trains stop at Herzogenburg, Statzendorf, Paudorf and Furth-Palt. Journey time: 30-45 min. (regular Regional-Express [REX] services) \u00d6BB journey planner<\/p>\n\n\n\n\n<p class=\"tw-data-text tw-ta tw-text-small\" dir=\"ltr\" data-placeholder=\"\u00dcbersetzung\"><strong>Buses from Krems station<\/strong><\/p>\n\n\n\n\n<p class=\"tw-data-text tw-ta tw-text-small\" dir=\"ltr\" data-placeholder=\"\u00dcbersetzung\">Take Stadtbus number 1, which stops in front of the station\u2019s main entrance, to IMC Fachhochschule (journey time approx. 5 min.) Alternatively take the WL3 Campus Shuttle service, which connects with trains from Vienna and St. P\u00f6lten. On foot from Krems train station It takes approx. 15 min. to walk from the train station.<\/p>\n\n\n\n\n<p class=\"tw-data-text tw-ta tw-text-small\" dir=\"ltr\" data-placeholder=\"\u00dcbersetzung\"><strong>By car<\/strong><\/p>\n\n\n\n\n<p class=\"tw-data-text tw-ta tw-text-small\" dir=\"ltr\" data-placeholder=\"\u00dcbersetzung\"><strong>Address for satnav:\u00a0<\/strong>Campus Krems Alauntalstrasse 96 3500 Krems an der Donau<\/p>\n\n\n\n\n<p class=\"tw-data-text tw-ta tw-text-small\" dir=\"ltr\" data-placeholder=\"\u00dcbersetzung\"><strong>From Vienna<\/strong><\/p>\n\n\n\n\n<p class=\"tw-data-text tw-ta tw-text-small\" dir=\"ltr\" data-placeholder=\"\u00dcbersetzung\">From Vienna International Airport (approx. 100km): take the A4 to Vienna \u2013 at the Prater junction follow signs to Praha\/A22, continue on the A22 and at the Stockerau junction take the S5 to Krems\/St. P\u00f6lten\/Tulln. From central or north Vienna (approx. 80km): take the A22 (see above), at Stockerau take the S5 to Krems via Tulln. From west or south Vienna (approx. 100km): take the A1 to St. P\u00f6lten \u2013 then the S33 towards Krems \u2013 turn off at the Melk\/Krems Zentrum\/Wachau exit and turn right on to the B3 towards Melk\/Spitz\/Wachau. When you are in Krems, follow the B3 towards Melk\/Spitz\/Wachau \u2013 at the fork in the road, take the left lane towards Stein\/Spitz\/Wachau \u2013 at the two large roundabouts follow the green signs to Campus Krems.<\/p>\n\n\n\n\n<p class=\"tw-data-text tw-ta tw-text-small\" dir=\"ltr\" data-placeholder=\"\u00dcbersetzung\"><strong> From Linz <\/strong><\/p>\n\n\n\n\n<p class=\"tw-data-text tw-ta tw-text-small\" dir=\"ltr\" data-placeholder=\"\u00dcbersetzung\">Route 1 (approx. 160 km): take the A1 to St. P\u00f6lten \u2013 then the S33 towards Krems \u2013 at the Traismauer junction continue on the B37 \u2013 take the Melk\/Krems Zentrum\/Wachau exit and turn right on to the B3 towards Melk\/Spitz\/Wachau \u2013 follow the green signs to Campus Krems. Route 2 (scenic route through the Wachau valley): take the A1 to Melk \u2013 continue on the B3 towards Krems \u2013 when you reach Emmersdorf, follow the green signs to Campus Krems.<\/p>\n\n\n\n\n<p class=\"tw-data-text tw-ta tw-text-small\" dir=\"ltr\" data-placeholder=\"\u00dcbersetzung\"><strong>Parking at IMC Campus Krems<\/strong><\/p>\n\n\n\n\n<p class=\"tw-data-text tw-ta tw-text-small\" dir=\"ltr\" data-placeholder=\"\u00dcbersetzung\">Campus Krems is located in a green restricted parking zone (gr\u00fcne Zone), meaning parking charges apply. You can buy car parking tickets at tobacconists and petrol stations. We recommend that you park in the Campus West multi-storey car park. Campus West multi-storey car park From the B3: at the two roundabouts (at Stein boat terminal and then Franz-Zeller-Platz) follow the green signs to Campus Krems \u2013 drive past the Kunsthalle gallery and Stein prison, and over the level crossing \u2013 the entrance to the car park is on the left, directly opposite the main entrance to Campus Krems. Parking charges at Campus West multi-storey car park Daytime rate (7am-7pm) EUR 1.50 per hour Maximum charge: EUR 14.00 Night-time rate (7pm-7am) EUR 1.50 for two hours Maximum charge: EUR 7.00 Maximum 24-hour charge: EUR 19.00 From the car park it takes about three minutes to walk to Wings D, G and G1 of IMC Krems along Campus-Promenade.<\/p>\n\n\n\n\n<p class=\"tw-data-text tw-ta tw-text-small\" dir=\"ltr\" data-placeholder=\"\u00dcbersetzung\"><strong>Disabled parking spaces<\/strong> Disabled parking spaces are available on Campus Krems (Address for satnav: Alauntalstrasse 96, 3500 Krems). When you reach the rising bollards, press the \u201cFH Krems\u201d button for access.<\/p--!>\n<\/p>\n","protected":false},"excerpt":{"rendered":"<p>Conference Locations:&nbsp;MCI I and MCI II Travel to Innsbruck By car: Innsbruck is located on many major traffic routes, which makes the region easily accessible by car. From Vienna:&nbsp;A12 motorway. From Switzerland:&nbsp;A12 motorway. Through the Arlberg Road Tunnel or toll-free &hellip; <a href=\"http:\/\/www.etourism-students.com\/Iscontour\/backup-traveling-to-krems\/\">Continue reading <span class=\"meta-nav\">&rarr;<\/span><\/a><\/p>\n","protected":false},"author":1,"featured_media":0,"parent":0,"menu_order":0,"comment_status":"closed","ping_status":"closed","template":"","meta":{"footnotes":""},"class_list":["post-2270","page","type-page","status-publish","hentry"],"_links":{"self":[{"href":"http:\/\/www.etourism-students.com\/Iscontour\/wp-json\/wp\/v2\/pages\/2270","targetHints":{"allow":["GET"]}}],"collection":[{"href":"http:\/\/www.etourism-students.com\/Iscontour\/wp-json\/wp\/v2\/pages"}],"about":[{"href":"http:\/\/www.etourism-students.com\/Iscontour\/wp-json\/wp\/v2\/types\/page"}],"author":[{"embeddable":true,"href":"http:\/\/www.etourism-students.com\/Iscontour\/wp-json\/wp\/v2\/users\/1"}],"replies":[{"embeddable":true,"href":"http:\/\/www.etourism-students.com\/Iscontour\/wp-json\/wp\/v2\/comments?post=2270"}],"version-history":[{"count":21,"href":"http:\/\/www.etourism-students.com\/Iscontour\/wp-json\/wp\/v2\/pages\/2270\/revisions"}],"predecessor-version":[{"id":4245,"href":"http:\/\/www.etourism-students.com\/Iscontour\/wp-json\/wp\/v2\/pages\/2270\/revisions\/4245"}],"wp:attachment":[{"href":"http:\/\/www.etourism-students.com\/Iscontour\/wp-json\/wp\/v2\/media?parent=2270"}],"curies":[{"name":"wp","href":"https:\/\/api.w.org\/{rel}","templated":true}]}}